172.71.148.120 - - [16/Aug/2026:11:02:44 +0000] "GET /wp-admin/css/colors/modern/ HTTP/2.0" 404 247 "-" "Mozilla/5.0 (Windows NT 10.0; Win64; x64) AppleWebKit/537.36 (KHTML, like Gecko) Chrome/120.0.0.0 Safari/537.36"
172.71.148.120 - - [16/Aug/2026:11:02:44 +0000] "GET /mini.php HTTP/2.0" 404 38 "-" "Mozilla/5.0 (Windows NT 10.0; Win64; x64) AppleWebKit/537.36 (KHTML, like Gecko) Chrome/120.0.0.0 Safari/537.36"
172.71.172.108 - - [16/Aug/2026:11:02:44 +0000] "GET /wp-content/themes/admin.php HTTP/2.0" 404 224 "-" "Mozilla/5.0 (Windows NT 10.0; Win64; x64) AppleWebKit/537.36 (KHTML, like Gecko) Chrome/120.0.0.0 Safari/537.36"
172.71.148.120 - - [16/Aug/2026:11:02:44 +0000] "GET /classwithtostring.php HTTP/2.0" 404 38 "-" "Mozilla/5.0 (Windows NT 10.0; Win64; x64) AppleWebKit/537.36 (KHTML, like Gecko) Chrome/120.0.0.0 Safari/537.36"
172.70.240.142 - - [16/Aug/2026:11:02:44 +0000] "GET /404.php HTTP/2.0" 404 61 "-" "Mozilla/5.0 (Windows NT 10.0; Win64; x64) AppleWebKit/537.36 (KHTML, like Gecko) Chrome/120.0.0.0 Safari/537.36"
162.158.94.148 - - [16/Aug/2026:11:02:44 +0000] "GET /shell.php HTTP/2.0" 404 61 "-" "Mozilla/5.0 (Windows NT 10.0; Win64; x64) AppleWebKit/537.36 (KHTML, like Gecko) Chrome/120.0.0.0 Safari/537.36"
104.23.239.88 - - [16/Aug/2026:11:02:44 +0000] "GET /wp-admin/ HTTP/2.0" 404 247 "-" "Mozilla/5.0 (Windows NT 10.0; Win64; x64) AppleWebKit/537.36 (KHTML, like Gecko) Chrome/120.0.0.0 Safari/537.36"
104.23.239.88 - - [16/Aug/2026:11:02:45 +0000] "GET /file.php HTTP/2.0" 404 70 "-" "Mozilla/5.0 (Windows NT 10.0; Win64; x64) AppleWebKit/537.36 (KHTML, like Gecko) Chrome/120.0.0.0 Safari/537.36"
172.69.150.107 - - [16/Aug/2026:11:02:45 +0000] "GET /222.php HTTP/2.0" 404 86 "-" "Mozilla/5.0 (Windows NT 10.0; Win64; x64) AppleWebKit/537.36 (KHTML, like Gecko) Chrome/120.0.0.0 Safari/537.36"
172.70.247.124 - - [16/Aug/2026:11:02:45 +0000] "GET /wp-content/admin.php HTTP/2.0" 404 269 "-" "Mozilla/5.0 (Windows NT 10.0; Win64; x64) AppleWebKit/537.36 (KHTML, like Gecko) Chrome/120.0.0.0 Safari/537.36"
172.68.192.173 - - [16/Aug/2026:11:02:45 +0000] "GET /wp-admin/a.php HTTP/2.0" 404 269 "-" "Mozilla/5.0 (Windows NT 10.0; Win64; x64) AppleWebKit/537.36 (KHTML, like Gecko) Chrome/120.0.0.0 Safari/537.36"
172.69.151.167 - - [16/Aug/2026:11:02:45 +0000] "GET /wp-admin.php HTTP/2.0" 404 61 "-" "Mozilla/5.0 (Windows NT 10.0; Win64; x64) AppleWebKit/537.36 (KHTML, like Gecko) Chrome/120.0.0.0 Safari/537.36"
162.158.111.82 - - [16/Aug/2026:11:02:45 +0000] "GET /wp-includes/IXR/wp-login.php HTTP/2.0" 404 247 "-" "Mozilla/5.0 (Windows NT 10.0; Win64; x64) AppleWebKit/537.36 (KHTML, like Gecko) Chrome/120.0.0.0 Safari/537.36"
172.71.148.120 - - [16/Aug/2026:11:02:45 +0000] "GET /plugins.php HTTP/2.0" 404 61 "-" "Mozilla/5.0 (Windows NT 10.0; Win64; x64) AppleWebKit/537.36 (KHTML, like Gecko) Chrome/120.0.0.0 Safari/537.36"
172.71.246.14 - - [16/Aug/2026:11:02:45 +0000] "GET /wp-admin/images/ HTTP/2.0" 404 247 "-" "Mozilla/5.0 (Windows NT 10.0; Win64; x64) AppleWebKit/537.36 (KHTML, like Gecko) Chrome/120.0.0.0 Safari/537.36"
172.71.246.14 - - [16/Aug/2026:11:02:45 +0000] "GET /wp-includes/customize/index.php HTTP/2.0" 404 224 "-" "Mozilla/5.0 (Windows NT 10.0; Win64; x64) AppleWebKit/537.36 (KHTML, like Gecko) Chrome/120.0.0.0 Safari/537.36"
172.71.164.17 - - [16/Aug/2026:11:02:45 +0000] "GET /wp-admin/js/ HTTP/2.0" 404 247 "-" "Mozilla/5.0 (Windows NT 10.0; Win64; x64) AppleWebKit/537.36 (KHTML, like Gecko) Chrome/120.0.0.0 Safari/537.36"
162.158.95.175 - - [16/Aug/2026:11:02:45 +0000] "GET /wp-includes/rest-api/ HTTP/2.0" 404 275 "-" "Mozilla/5.0 (Windows NT 10.0; Win64; x64) AppleWebKit/537.36 (KHTML, like Gecko) Chrome/120.0.0.0 Safari/537.36"
172.71.144.160 - - [16/Aug/2026:11:02:45 +0000] "GET /wp-content/1.php HTTP/2.0" 404 247 "-" "Mozilla/5.0 (Windows NT 10.0; Win64; x64) AppleWebKit/537.36 (KHTML, like Gecko) Chrome/120.0.0.0 Safari/537.36"
172.71.148.129 - - [16/Aug/2026:11:02:45 +0000] "GET /wp-includes/images/crystal/ HTTP/2.0" 404 269 "-" "Mozilla/5.0 (Windows NT 10.0; Win64; x64) AppleWebKit/537.36 (KHTML, like Gecko) Chrome/120.0.0.0 Safari/537.36"
172.70.248.33 - - [16/Aug/2026:11:02:45 +0000] "GET /wp-admin/user/index.php HTTP/2.0" 404 269 "-" "Mozilla/5.0 (Windows NT 10.0; Win64; x64) AppleWebKit/537.36 (KHTML, like Gecko) Chrome/120.0.0.0 Safari/537.36"
162.158.86.239 - - [16/Aug/2026:11:02:45 +0000] "GET /wp-includes/PHPMailer/ HTTP/2.0" 404 247 "-" "Mozilla/5.0 (Windows NT 10.0; Win64; x64) AppleWebKit/537.36 (KHTML, like Gecko) Chrome/120.0.0.0 Safari/537.36"
172.70.250.106 - - [16/Aug/2026:11:02:45 +0000] "GET /adminer.php HTTP/2.0" 404 61 "-" "Mozilla/5.0 (Windows NT 10.0; Win64; x64) AppleWebKit/537.36 (KHTML, like Gecko) Chrome/120.0.0.0 Safari/537.36"
172.70.240.142 - - [16/Aug/2026:11:02:46 +0000] "GET /wp-content/themes/alera/alpha.php HTTP/2.0" 404 247 "-" "Mozilla/5.0 (Windows NT 10.0; Win64; x64) AppleWebKit/537.36 (KHTML, like Gecko) Chrome/120.0.0.0 Safari/537.36"
162.158.86.239 - - [16/Aug/2026:11:02:46 +0000] "GET /wp-includes/block-supports/ HTTP/2.0" 404 247 "-" "Mozilla/5.0 (Windows NT 10.0; Win64; x64) AppleWebKit/537.36 (KHTML, like Gecko) Chrome/120.0.0.0 Safari/537.36"
172.70.248.33 - - [16/Aug/2026:11:02:46 +0000] "GET /wso.php HTTP/2.0" 404 61 "-" "Mozilla/5.0 (Windows NT 10.0; Win64; x64) AppleWebKit/537.36 (KHTML, like Gecko) Chrome/120.0.0.0 Safari/537.36"
172.70.240.142 - - [16/Aug/2026:11:02:46 +0000] "GET /wp-admin/css/index.php HTTP/2.0" 404 224 "-" "Mozilla/5.0 (Windows NT 10.0; Win64; x64) AppleWebKit/537.36 (KHTML, like Gecko) Chrome/120.0.0.0 Safari/537.36"
162.158.111.82 - - [16/Aug/2026:11:02:46 +0000] "GET /mah.php HTTP/2.0" 404 80 "-" "Mozilla/5.0 (Windows NT 10.0; Win64; x64) AppleWebKit/537.36 (KHTML, like Gecko) Chrome/120.0.0.0 Safari/537.36"
172.71.144.160 - - [16/Aug/2026:11:02:46 +0000] "GET /about.php HTTP/2.0" 404 61 "-" "Mozilla/5.0 (Windows NT 10.0; Win64; x64) AppleWebKit/537.36 (KHTML, like Gecko) Chrome/120.0.0.0 Safari/537.36"
162.158.111.33 - - [16/Aug/2026:11:02:46 +0000] "GET /sid3.php HTTP/2.0" 404 61 "-" "Mozilla/5.0 (Windows NT 10.0; Win64; x64) AppleWebKit/537.36 (KHTML, like Gecko) Chrome/120.0.0.0 Safari/537.36"
172.71.144.160 - - [16/Aug/2026:11:02:46 +0000] "GET /blog.php7 HTTP/2.0" 404 224 "-" "Mozilla/5.0 (Windows NT 10.0; Win64; x64) AppleWebKit/537.36 (KHTML, like Gecko) Chrome/120.0.0.0 Safari/537.36"
172.70.248.33 - - [16/Aug/2026:11:02:46 +0000] "GET /GOD.php HTTP/2.0" 404 38 "-" "Mozilla/5.0 (Windows NT 10.0; Win64; x64) AppleWebKit/537.36 (KHTML, like Gecko) Chrome/120.0.0.0 Safari/537.36"
162.158.94.148 - - [16/Aug/2026:11:02:46 +0000] "GET /alumni_reg.php HTTP/2.0" 404 61 "-" "Mozilla/5.0 (Windows NT 10.0; Win64; x64) AppleWebKit/537.36 (KHTML, like Gecko) Chrome/120.0.0.0 Safari/537.36"
104.23.239.88 - - [16/Aug/2026:11:02:46 +0000] "GET /depotcv.php HTTP/2.0" 404 61 "-" "Mozilla/5.0 (Windows NT 10.0; Win64; x64) AppleWebKit/537.36 (KHTML, like Gecko) Chrome/120.0.0.0 Safari/537.36"
162.158.95.175 - - [16/Aug/2026:11:02:46 +0000] "GET /admin.php7 HTTP/2.0" 404 247 "-" "Mozilla/5.0 (Windows NT 10.0; Win64; x64) AppleWebKit/537.36 (KHTML, like Gecko) Chrome/120.0.0.0 Safari/537.36"
172.71.172.108 - - [16/Aug/2026:11:02:46 +0000] "GET /f.php HTTP/2.0" 404 61 "-" "Mozilla/5.0 (Windows NT 10.0; Win64; x64) AppleWebKit/537.36 (KHTML, like Gecko) Chrome/120.0.0.0 Safari/537.36"
104.23.239.88 - - [16/Aug/2026:11:02:46 +0000] "GET /c.php HTTP/2.0" 404 38 "-" "Mozilla/5.0 (Windows NT 10.0; Win64; x64) AppleWebKit/537.36 (KHTML, like Gecko) Chrome/120.0.0.0 Safari/537.36"
104.23.239.50 - - [16/Aug/2026:11:02:47 +0000] "GET /ini.php HTTP/2.0" 404 86 "-" "Mozilla/5.0 (Windows NT 10.0; Win64; x64) AppleWebKit/537.36 (KHTML, like Gecko) Chrome/120.0.0.0 Safari/537.36"
172.71.246.14 - - [16/Aug/2026:11:02:47 +0000] "GET /nf.php HTTP/2.0" 404 61 "-" "Mozilla/5.0 (Windows NT 10.0; Win64; x64) AppleWebKit/537.36 (KHTML, like Gecko) Chrome/120.0.0.0 Safari/537.36"
172.70.250.217 - - [16/Aug/2026:11:02:47 +0000] "GET /room.php HTTP/2.0" 404 86 "-" "Mozilla/5.0 (Windows NT 10.0; Win64; x64) AppleWebKit/537.36 (KHTML, like Gecko) Chrome/120.0.0.0 Safari/537.36"
172.70.240.142 - - [16/Aug/2026:11:02:47 +0000] "GET /wp-contentt.php HTTP/2.0" 404 61 "-" "Mozilla/5.0 (Windows NT 10.0; Win64; x64) AppleWebKit/537.36 (KHTML, like Gecko) Chrome/120.0.0.0 Safari/537.36"
172.70.248.11 - - [16/Aug/2026:11:02:47 +0000] "GET /input.php HTTP/2.0" 404 80 "-" "Mozilla/5.0 (Windows NT 10.0; Win64; x64) AppleWebKit/537.36 (KHTML, like Gecko) Chrome/120.0.0.0 Safari/537.36"
172.71.148.120 - - [16/Aug/2026:11:02:47 +0000] "GET /disagreed.php HTTP/2.0" 404 61 "-" "Mozilla/5.0 (Windows NT 10.0; Win64; x64) AppleWebKit/537.36 (KHTML, like Gecko) Chrome/120.0.0.0 Safari/537.36"
172.70.247.124 - - [16/Aug/2026:11:02:47 +0000] "GET /defaults.php HTTP/2.0" 404 61 "-" "Mozilla/5.0 (Windows NT 10.0; Win64; x64) AppleWebKit/537.36 (KHTML, like Gecko) Chrome/120.0.0.0 Safari/537.36"
172.71.172.103 - - [16/Aug/2026:11:02:47 +0000] "GET /kyami.php HTTP/2.0" 404 86 "-" "Mozilla/5.0 (Windows NT 10.0; Win64; x64) AppleWebKit/537.36 (KHTML, like Gecko) Chrome/120.0.0.0 Safari/537.36"
172.70.248.11 - - [16/Aug/2026:11:02:47 +0000] "GET /DxHhVcy2bmJ.php HTTP/2.0" 404 38 "-" "Mozilla/5.0 (Windows NT 10.0; Win64; x64) AppleWebKit/537.36 (KHTML, like Gecko) Chrome/120.0.0.0 Safari/537.36"
104.23.239.88 - - [16/Aug/2026:11:02:47 +0000] "GET /amaxx.php HTTP/2.0" 404 61 "-" "Mozilla/5.0 (Windows NT 10.0; Win64; x64) AppleWebKit/537.36 (KHTML, like Gecko) Chrome/120.0.0.0 Safari/537.36"
172.68.192.173 - - [16/Aug/2026:11:02:47 +0000] "GET /BIBIL0DAY.php HTTP/2.0" 404 61 "-" "Mozilla/5.0 (Windows NT 10.0; Win64; x64) AppleWebKit/537.36 (KHTML, like Gecko) Chrome/120.0.0.0 Safari/537.36"
172.71.148.120 - - [16/Aug/2026:11:02:47 +0000] "GET /functions.php HTTP/2.0" 404 38 "-" "Mozilla/5.0 (Windows NT 10.0; Win64; x64) AppleWebKit/537.36 (KHTML, like Gecko) Chrome/120.0.0.0 Safari/537.36"
172.70.247.124 - - [16/Aug/2026:11:02:48 +0000] "GET /wp-comments-post.php HTTP/2.0" 404 61 "-" "Mozilla/5.0 (Windows NT 10.0; Win64; x64) AppleWebKit/537.36 (KHTML, like Gecko) Chrome/120.0.0.0 Safari/537.36"
172.70.248.33 - - [16/Aug/2026:11:02:48 +0000] "GET /conf_upload.php HTTP/2.0" 404 61 "-" "Mozilla/5.0 (Windows NT 10.0; Win64; x64) AppleWebKit/537.36 (KHTML, like Gecko) Chrome/120.0.0.0 Safari/537.36"
172.70.247.124 - - [16/Aug/2026:11:02:48 +0000] "GET /content.php888 HTTP/2.0" 404 224 "-" "Mozilla/5.0 (Windows NT 10.0; Win64; x64) AppleWebKit/537.36 (KHTML, like Gecko) Chrome/120.0.0.0 Safari/537.36"
172.70.247.103 - - [16/Aug/2026:11:02:48 +0000] "GET /gecko-new.php.1 HTTP/2.0" 404 275 "-" "Mozilla/5.0 (Windows NT 10.0; Win64; x64) AppleWebKit/537.36 (KHTML, like Gecko) Chrome/120.0.0.0 Safari/537.36"
172.70.240.142 - - [16/Aug/2026:11:02:48 +0000] "GET /OthioNDwMEK.php HTTP/2.0" 404 61 "-" "Mozilla/5.0 (Windows NT 10.0; Win64; x64) AppleWebKit/537.36 (KHTML, like Gecko) Chrome/120.0.0.0 Safari/537.36"
172.71.144.100 - - [16/Aug/2026:11:02:48 +0000] "GET /sim.php HTTP/2.0" 404 86 "-" "Mozilla/5.0 (Windows NT 10.0; Win64; x64) AppleWebKit/537.36 (KHTML, like Gecko) Chrome/120.0.0.0 Safari/537.36"
172.70.247.103 - - [16/Aug/2026:11:02:48 +0000] "GET /y.php HTTP/2.0" 404 57 "-" "Mozilla/5.0 (Windows NT 10.0; Win64; x64) AppleWebKit/537.36 (KHTML, like Gecko) Chrome/120.0.0.0 Safari/537.36"
104.23.239.50 - - [16/Aug/2026:11:02:48 +0000] "GET /xleet.php HTTP/2.0" 404 61 "-" "Mozilla/5.0 (Windows NT 10.0; Win64; x64) AppleWebKit/537.36 (KHTML, like Gecko) Chrome/120.0.0.0 Safari/537.36"
162.158.86.239 - - [16/Aug/2026:11:02:48 +0000] "GET /1index.php HTTP/2.0" 404 61 "-" "Mozilla/5.0 (Windows NT 10.0; Win64; x64) AppleWebKit/537.36 (KHTML, like Gecko) Chrome/120.0.0.0 Safari/537.36"
172.71.144.160 - - [16/Aug/2026:11:02:48 +0000] "GET /admin.php1 HTTP/2.0" 404 247 "-" "Mozilla/5.0 (Windows NT 10.0; Win64; x64) AppleWebKit/537.36 (KHTML, like Gecko) Chrome/120.0.0.0 Safari/537.36"
172.70.248.33 - - [16/Aug/2026:11:02:49 +0000] "GET /M1.php HTTP/2.0" 404 70 "-" "Mozilla/5.0 (Windows NT 10.0; Win64; x64) AppleWebKit/537.36 (KHTML, like Gecko) Chrome/120.0.0.0 Safari/537.36"
172.71.246.14 - - [16/Aug/2026:11:02:49 +0000] "GET /ds.php HTTP/2.0" 404 61 "-" "Mozilla/5.0 (Windows NT 10.0; Win64; x64) AppleWebKit/537.36 (KHTML, like Gecko) Chrome/120.0.0.0 Safari/537.36"
43.167.236.228 - - [16/Aug/2026:11:17:30 +0000] "GET / HTTP/1.1" 200 51327 "-" "Mozilla/5.0 (iPhone; CPU iPhone OS 13_2_3 like Mac OS X) AppleWebKit/605.1.15 (KHTML, like Gecko) Version/13.0.3 Mobile/15E148 Safari/604.1"
78.153.140.149 - - [16/Aug/2026:11:36:33 +0000] "GET /.env HTTP/1.1" 404 397 "-" "Mozilla/5.0 (Windows NT 10.0; Win64; x64) AppleWebKit/537.36 (KHTML, like Gecko) Chrome/116.0.5845.140 Safari/537.36"
78.153.140.149 - - [16/Aug/2026:11:36:33 +0000] "POST / HTTP/1.1" 200 51364 "-" "Mozilla/5.0 (Windows NT 10.0; Win64; x64) AppleWebKit/537.36 (KHTML, like Gecko) Chrome/116.0.5845.140 Safari/537.36"
78.153.140.156 - - [16/Aug/2026:11:37:20 +0000] "GET /.env HTTP/1.1" 404 2549 "-" "Mozilla/5.0 (Windows NT 10.0; Win64; x64) AppleWebKit/537.36 (KHTML, like Gecko) Chrome/116.0.5845.140 Safari/537.36"
78.153.140.156 - - [16/Aug/2026:11:37:20 +0000] "POST / HTTP/1.1" 200 53780 "-" "Mozilla/5.0 (Windows NT 10.0; Win64; x64) AppleWebKit/537.36 (KHTML, like Gecko) Chrome/116.0.5845.140 Safari/537.36"
185.242.226.114 - - [16/Aug/2026:11:40:37 +0000] "\x16\x03\x01" 400 392 "-" "-"
66.228.53.78 - - [16/Aug/2026:11:41:04 +0000] "GET / HTTP/1.1" 200 53189 "-" "Mozilla/5.0 (Macintosh; Intel Mac OS X 13_1) AppleWebKit/537.36 (KHTML, like Gecko) Chrome/108.0.0.0 Safari/537.36"
64.89.162.15 - - [16/Aug/2026:11:41:09 +0000] "SSH-2.0-OpenSSH_10.2" 400 392 "-" "-"
93.123.109.228 - - [16/Aug/2026:11:48:00 +0000] "\x16\x03\x01\x01\x0c\x01" 400 392 "-" "-"
93.123.109.228 - - [16/Aug/2026:11:48:00 +0000] "GET / HTTP/1.1" 400 392 "-" "-"
93.123.109.228 - - [16/Aug/2026:11:48:01 +0000] "GET / HTTP/1.1" 200 78698 "-" "l9tcpid/v1.1.0"
93.123.109.228 - - [16/Aug/2026:11:48:01 +0000] "GET /.git/HEAD HTTP/1.1" 404 360 "-" "l9explore/1.2.2"
93.123.109.228 - - [16/Aug/2026:11:48:01 +0000] "GET /terraform.tfstate HTTP/1.1" 404 360 "-" "l9explore/1.2.2"
93.123.109.228 - - [16/Aug/2026:11:48:01 +0000] "GET /phpinfo.php HTTP/1.1" 404 219 "-" "l9explore/1.2.2"
93.123.109.228 - - [16/Aug/2026:11:48:01 +0000] "GET /info.php HTTP/1.1" 404 219 "-" "l9explore/1.2.2"
93.123.109.228 - - [16/Aug/2026:11:48:01 +0000] "GET /.env.production HTTP/1.1" 404 360 "-" "l9explore/1.2.2"
93.123.109.228 - - [16/Aug/2026:11:48:01 +0000] "GET /.git/config HTTP/1.1" 404 360 "-" "l9explore/1.2.2"
93.123.109.228 - - [16/Aug/2026:11:48:01 +0000] "GET /.aws/credentials HTTP/1.1" 404 360 "-" "l9explore/1.2.2"
93.123.109.228 - - [16/Aug/2026:11:48:01 +0000] "GET /.npmrc HTTP/1.1" 404 360 "-" "l9explore/1.2.2"
93.123.109.228 - - [16/Aug/2026:11:48:01 +0000] "GET /app/.env HTTP/1.1" 404 360 "-" "l9explore/1.2.2"
93.123.109.228 - - [16/Aug/2026:11:48:01 +0000] "GET /backend/.env HTTP/1.1" 404 360 "-" "l9explore/1.2.2"
93.123.109.228 - - [16/Aug/2026:11:48:01 +0000] "GET /appsettings.json HTTP/1.1" 404 360 "-" "l9explore/1.2.2"
93.123.109.228 - - [16/Aug/2026:11:48:01 +0000] "GET /.env.development HTTP/1.1" 404 360 "-" "l9explore/1.2.2"
93.123.109.228 - - [16/Aug/2026:11:48:01 +0000] "GET /.env.prod HTTP/1.1" 404 360 "-" "l9explore/1.2.2"
93.123.109.228 - - [16/Aug/2026:11:48:01 +0000] "GET /.env.old HTTP/1.1" 404 360 "-" "l9explore/1.2.2"
93.123.109.228 - - [16/Aug/2026:11:48:01 +0000] "GET /.git-credentials HTTP/1.1" 404 360 "-" "l9explore/1.2.2"
93.123.109.228 - - [16/Aug/2026:11:48:01 +0000] "GET /api/.env HTTP/1.1" 404 360 "-" "l9explore/1.2.2"
93.123.109.228 - - [16/Aug/2026:11:48:01 +0000] "GET /actuator/env HTTP/1.1" 404 360 "-" "l9explore/1.2.2"
93.123.109.228 - - [16/Aug/2026:11:48:01 +0000] "GET /.env HTTP/1.1" 404 360 "-" "l9explore/1.2.2"
93.123.109.228 - - [16/Aug/2026:11:48:01 +0000] "GET /.env.backup HTTP/1.1" 404 360 "-" "l9explore/1.2.2"
93.123.109.228 - - [16/Aug/2026:11:48:01 +0000] "GET /.env.local HTTP/1.1" 404 360 "-" "l9explore/1.2.2"
93.123.109.228 - - [16/Aug/2026:11:48:01 +0000] "GET /.env.staging HTTP/1.1" 404 360 "-" "l9explore/1.2.2"
93.123.109.228 - - [16/Aug/2026:11:48:01 +0000] "GET /.env.bak HTTP/1.1" 404 360 "-" "l9explore/1.2.2"
147.185.132.84 - - [16/Aug/2026:11:49:48 +0000] "GET /.well-known/security.txt HTTP/1.1" 404 341 "-" "Hello from Palo Alto Networks, find out more about our scans in https://docs-cortex.paloaltonetworks.com/r/1/Cortex-Xpanse/Scanning-activity"
147.185.132.27 - - [16/Aug/2026:12:03:39 +0000] "GET /.well-known/security.txt HTTP/1.1" 404 2430 "-" "Hello from Palo Alto Networks, find out more about our scans in https://docs-cortex.paloaltonetworks.com/r/1/Cortex-Xpanse/Scanning-activity"
45.205.1.240 - - [16/Aug/2026:12:05:03 +0000] "GET / HTTP/1.1" 200 78698 "-" "Mozilla/5.0 (compatible; FlowIQLabsBot/1.0; +https://flowiq-labs.com/scanning-info)"
45.205.1.240 - - [16/Aug/2026:12:05:06 +0000] "GET /favicon.ico HTTP/1.1" 404 360 "-" "Mozilla/5.0 (compatible; FlowIQLabsBot/1.0; +https://flowiq-labs.com/scanning-info)"
45.148.10.201 - - [16/Aug/2026:12:27:47 +0000] "\x16\x03\x01\x01" 400 392 "-" "-"
45.148.10.201 - - [16/Aug/2026:12:27:47 +0000] "\x16\x03\x01\x01" 400 392 "-" "-"
153.117.32.204 - - [16/Aug/2026:12:29:14 +0000] "POST /HNAP1/ HTTP/1.0" 408 391 "-" "-"
78.153.140.156 - - [16/Aug/2026:12:31:18 +0000] "GET /.env HTTP/1.1" 404 2549 "-" "Mozilla/5.0 (Windows NT 10.0; Win64; x64) AppleWebKit/537.36 (KHTML, like Gecko) Chrome/116.0.5845.140 Safari/537.36"
78.153.140.156 - - [16/Aug/2026:12:31:18 +0000] "POST / HTTP/1.1" 200 53780 "-" "Mozilla/5.0 (Windows NT 10.0; Win64; x64) AppleWebKit/537.36 (KHTML, like Gecko) Chrome/116.0.5845.140 Safari/537.36"
172.70.240.142 - - [16/Aug/2026:12:34:23 +0000] "GET / HTTP/2.0" 200 51129 "-" "Mozilla/5.0 (Macintosh; Intel Mac OS X 10_15_7) AppleWebKit/602.4.8 (KHTML, like Gecko) Version/10.0 Safari/602.4.8"
104.23.239.89 - - [16/Aug/2026:12:40:01 +0000] "POST /xmlrpc.php HTTP/2.0" 404 95 "-" "Mozilla/5.0 (Windows NT 6.3; arm64) AppleWebKit/537.36 (KHTML, like Gecko) Opera/79.0.0.0 Safari/537.36"
101.36.122.18 - - [16/Aug/2026:12:42:39 +0000] "GET /version HTTP/1.1" 404 341 "-" "-"
101.36.122.18 - - [16/Aug/2026:12:42:39 +0000] "GET / HTTP/1.1" 200 78691 "-" "-"
101.36.122.18 - - [16/Aug/2026:12:42:41 +0000] "GET / HTTP/1.1" 200 78691 "-" "-"
101.36.122.18 - - [16/Aug/2026:12:42:42 +0000] "GET /v1 HTTP/1.1" 404 341 "-" "-"
101.36.122.18 - - [16/Aug/2026:12:42:42 +0000] "GET / HTTP/1.1" 200 78691 "-" "-"
101.36.122.18 - - [16/Aug/2026:12:42:46 +0000] "GET / HTTP/1.1" 200 78698 "-" "Mozilla/5.0 (Windows NT 6.1) AppleWebKit/537.36 (KHTML, like Gecko) Chrome/49.0.2623.112 Safari/537.36"
135.237.123.254 - - [16/Aug/2026:12:59:22 +0000] "GET /developmentserver/metadatauploader HTTP/1.1" 404 1862 "-" "Mozilla/5.0 zgrab/0.x"
64.226.65.160 - - [16/Aug/2026:13:11:32 +0000] "LEAKIX" 400 5613 "-" "-"
176.65.132.162 - - [16/Aug/2026:13:16:51 +0000] "\x16\x03\x01" 400 392 "-" "-"
176.65.132.162 - - [16/Aug/2026:13:16:51 +0000] "GET /.env HTTP/1.1" 404 2449 "-" "Mozilla/5.0 (Linux; Android 7.0; TRT-L21A) AppleWebKit/537.36 (KHTML, like Gecko) Chrome/76.0.3809.89 Mobile Safari/537.36"
176.65.132.162 - - [16/Aug/2026:13:16:52 +0000] "GET /.env HTTP/1.1" 404 360 "-" "Mozilla/5.0 (Windows NT 10.0; WOW64) AppleWebKit/537.36 (KHTML, like Gecko) Chrome/62.0.3202.94 Safari/537.36"
172.71.148.104 - - [16/Aug/2026:13:21:45 +0000] "GET /robots.txt HTTP/2.0" 404 275 "-" "Mozilla/5.0 (Windows NT 10.0; Win64; x64) AppleWebKit/537.36 (KHTML, like Gecko) Chrome/103.0.5060.134 Safari/537.36"
172.239.64.84 - - [16/Aug/2026:13:29:37 +0000] "GET / HTTP/1.1" 200 51320 "-" "Mozilla/5.0 (Macintosh; Intel Mac OS X 13_1) AppleWebKit/537.36 (KHTML, like Gecko) Chrome/108.0.0.0 Safari/537.36"
78.153.140.149 - - [16/Aug/2026:13:34:46 +0000] "GET /.env HTTP/1.1" 404 397 "-" "Mozilla/5.0 (Windows NT 10.0; Win64; x64) AppleWebKit/537.36 (KHTML, like Gecko) Chrome/116.0.5845.140 Safari/537.36"
78.153.140.149 - - [16/Aug/2026:13:34:46 +0000] "POST / HTTP/1.1" 200 51364 "-" "Mozilla/5.0 (Windows NT 10.0; Win64; x64) AppleWebKit/537.36 (KHTML, like Gecko) Chrome/116.0.5845.140 Safari/537.36"
185.242.226.114 - - [16/Aug/2026:13:35:15 +0000] "GET / HTTP/1.1" 200 51320 "-" "Mozilla/5.0 (Windows NT 10.0; Win64; x64) AppleWebKit/537.36 (KHTML, like Gecko) Chrome/88.0.4324.190 Safari/537.36"
45.79.5.11 - - [16/Aug/2026:13:39:53 +0000] "GET / HTTP/1.0" 400 528 "-" "-"
45.79.115.59 - - [16/Aug/2026:13:39:57 +0000] "GET / HTTP/1.1" 200 51320 "-" "Mozilla/5.0 zgrab/0.x"
198.74.56.66 - - [16/Aug/2026:13:41:10 +0000] "GET / HTTP/1.1" 200 51320 "-" "Mozilla/5.0 (Macintosh; Intel Mac OS X 13_1) AppleWebKit/537.36 (KHTML, like Gecko) Chrome/108.0.0.0 Safari/537.36"
121.101.131.70 - - [16/Aug/2026:13:41:24 +0000] "GET / HTTP/1.1" 200 51320 "-" "Go-http-client/1.1"
121.101.131.70 - - [16/Aug/2026:13:41:25 +0000] "GET / HTTP/1.1" 200 53673 "-" "Go-http-client/1.1"
172.239.71.239 - - [16/Aug/2026:13:41:49 +0000] "GET / HTTP/1.1" 200 53189 "-" "Mozilla/5.0 (Macintosh; Intel Mac OS X 13_1) AppleWebKit/537.36 (KHTML, like Gecko) Chrome/108.0.0.0 Safari/537.36"
138.197.16.14 - - [16/Aug/2026:13:52:57 +0000] "GET / HTTP/1.1" 200 51320 "-" "Mozilla/5.0 (Windows NT 10.0; Win64; x64) AppleWebKit/537.36 (KHTML, like Gecko) Chrome/102.0.5005.63 Safari/537.36"
45.141.116.84 - - [16/Aug/2026:13:56:14 +0000] "GET / HTTP/1.1" 200 51327 "-" "Mozilla/5.0 (compatible; sFox/1.0)"
43.165.198.144 - - [16/Aug/2026:13:57:14 +0000] "GET / HTTP/1.1" 200 51327 "-" "Mozilla/5.0 (iPhone; CPU iPhone OS 13_2_3 like Mac OS X) AppleWebKit/605.1.15 (KHTML, like Gecko) Version/13.0.3 Mobile/15E148 Safari/604.1"
172.70.250.107 - - [16/Aug/2026:14:02:22 +0000] "GET / HTTP/2.0" 200 51129 "http://techisquad.com" "Mozilla/5.0 (iPhone; CPU iPhone OS 13_2_3 like Mac OS X) AppleWebKit/605.1.15 (KHTML, like Gecko) Version/13.0.3 Mobile/15E148 Safari/604.1"
151.243.11.233 - - [16/Aug/2026:14:02:27 +0000] "GET / HTTP/1.0" 400 528 "-" "-"
151.243.11.233 - - [16/Aug/2026:14:03:02 +0000] "GET / HTTP/1.0" 400 528 "-" "-"
194.180.48.253 - - [16/Aug/2026:14:13:25 +0000] "GET /api/session/reset_password HTTP/1.1" 404 341 "-" "Mozilla/5.0 (compatible; SecurityScanner/1.0)"
176.65.132.162 - - [16/Aug/2026:14:17:58 +0000] "\x16\x03\x01" 400 392 "-" "-"
176.65.132.162 - - [16/Aug/2026:14:17:58 +0000] "GET /phpinfo HTTP/1.1" 404 2449 "-" "Mozilla/5.0 (Windows NT 6.1; WOW64) AppleWebKit/537.36 (KHTML, like Gecko) coc_coc_browser/80.0.180 Chrome/74.0.3729.180 Safari/537.36"
176.65.132.162 - - [16/Aug/2026:14:17:59 +0000] "GET /phpinfo HTTP/1.1" 404 360 "-" "Mozilla/5.0 (Windows NT 5.1) AppleWebKit/537.36 (KHTML, like Gecko) Chrome/36.0.1985.67 Safari/537.36"
45.194.67.26 - - [16/Aug/2026:14:18:01 +0000] "GET / HTTP/1.1" 200 78698 "-" "Mozilla/5.0 (compatible; FlowIQLabsBot/1.0; +https://flowiq-labs.com/scanning-info)"
45.194.67.26 - - [16/Aug/2026:14:18:05 +0000] "GET /favicon.ico HTTP/1.1" 404 360 "-" "Mozilla/5.0 (compatible; FlowIQLabsBot/1.0; +https://flowiq-labs.com/scanning-info)"
5.61.209.44 - - [16/Aug/2026:14:21:56 +0000] "GET /SDK/webLanguage HTTP/1.1" 404 397 "-" "Mozilla/5.0 (Windows NT 10.0; Win64; x64) AppleWebKit/537.36 (KHTML, like Gecko) Chrome/90.0.4430.85 Safari/537.36 Edg/90.0.818.46"
185.73.23.162 - - [16/Aug/2026:14:23:01 +0000] "GET / HTTP/1.1" 200 81085 "-" "Software Security Research/1.0 (+https://reverse-proxies-measurements.softsec.ruhr-uni-bochum.de)"
185.73.23.162 - - [16/Aug/2026:14:24:59 +0000] "GET / HTTP/1.1" 200 81085 "-" "Software Security Research/1.0 (+https://reverse-proxies-measurements.softsec.ruhr-uni-bochum.de)"
185.73.23.162 - - [16/Aug/2026:14:29:49 +0000] "GET / HTTP/1.1" 200 81085 "-" "Software Security Research/1.0 (+https://reverse-proxies-measurements.softsec.ruhr-uni-bochum.de)"
78.153.140.156 - - [16/Aug/2026:14:32:24 +0000] "GET /.env HTTP/1.1" 404 2549 "-" "Mozilla/5.0 (Windows NT 10.0; Win64; x64) AppleWebKit/537.36 (KHTML, like Gecko) Chrome/116.0.5845.140 Safari/537.36"
78.153.140.156 - - [16/Aug/2026:14:32:24 +0000] "POST / HTTP/1.1" 200 53780 "-" "Mozilla/5.0 (Windows NT 10.0; Win64; x64) AppleWebKit/537.36 (KHTML, like Gecko) Chrome/116.0.5845.140 Safari/537.36"
185.73.23.162 - - [16/Aug/2026:14:33:53 +0000] "GET / HTTP/1.1" 200 81085 "-" "Software Security Research/1.0 (+https://reverse-proxies-measurements.softsec.ruhr-uni-bochum.de)"
187.17.224.139 - - [16/Aug/2026:14:37:20 +0000] "GET / HTTP/1.0" 200 28200 "-" "ivre-masscan/1.3 https://github.com/robertdavidgraham/"
45.79.207.110 - - [16/Aug/2026:14:38:55 +0000] "GET / HTTP/1.1" 200 51320 "-" "Mozilla/5.0 zgrab/0.x"
66.228.53.46 - - [16/Aug/2026:14:39:17 +0000] "GET / HTTP/1.1" 200 51320 "-" "Mozilla/5.0 (Macintosh; Intel Mac OS X 13_1) AppleWebKit/537.36 (KHTML, like Gecko) Chrome/108.0.0.0 Safari/537.36"
187.17.224.139 - - [16/Aug/2026:14:40:12 +0000] "GET / HTTP/1.0" 400 528 "-" "-"
49.51.73.183 - - [16/Aug/2026:14:40:45 +0000] "GET / HTTP/1.0" 400 528 "-" "-"
185.73.23.162 - - [16/Aug/2026:14:40:52 +0000] "GET / HTTP/1.1" 200 81176 "-" "Software Security Research/1.0 (+https://reverse-proxies-measurements.softsec.ruhr-uni-bochum.de)"
185.73.23.162 - - [16/Aug/2026:14:45:55 +0000] "GET / HTTP/1.1" 200 81085 "-" "Software Security Research/1.0 (+https://reverse-proxies-measurements.softsec.ruhr-uni-bochum.de)"
172.239.64.155 - - [16/Aug/2026:14:46:19 +0000] "GET / HTTP/1.1" 200 53189 "-" "Mozilla/5.0 (Macintosh; Intel Mac OS X 13_1) AppleWebKit/537.36 (KHTML, like Gecko) Chrome/108.0.0.0 Safari/537.36"
185.73.23.162 - - [16/Aug/2026:14:47:49 +0000] "GET / HTTP/1.1" 200 81144 "-" "Software Security Research/1.0 (+https://reverse-proxies-measurements.softsec.ruhr-uni-bochum.de)"
185.73.23.162 - - [16/Aug/2026:14:47:53 +0000] "GET / HTTP/1.1" 200 81085 "-" "Software Security Research/1.0 (+https://reverse-proxies-measurements.softsec.ruhr-uni-bochum.de)"
185.73.23.162 - - [16/Aug/2026:14:48:02 +0000] "GET / HTTP/1.1" 200 81085 "-" "Software Security Research/1.0 (+https://reverse-proxies-measurements.softsec.ruhr-uni-bochum.de)"
185.73.23.162 - - [16/Aug/2026:14:48:19 +0000] "GET / HTTP/1.1" 200 81085 "-" "Software Security Research/1.0 (+https://reverse-proxies-measurements.softsec.ruhr-uni-bochum.de)"
185.73.23.162 - - [16/Aug/2026:14:49:39 +0000] "GET / HTTP/1.1" 200 81085 "-" "Software Security Research/1.0 (+https://reverse-proxies-measurements.softsec.ruhr-uni-bochum.de)"
185.73.23.162 - - [16/Aug/2026:14:52:11 +0000] "GET / HTTP/1.1" 200 81085 "-" "Software Security Research/1.0 (+https://reverse-proxies-measurements.softsec.ruhr-uni-bochum.de)"
45.9.168.192 - - [16/Aug/2026:14:53:35 +0000] "GET /images/transparentpix.gif HTTP/2.0" 404 276 "-" "Mozilla/5.0 (Macintosh; Intel Mac OS X 10_8_3 rv:3.0; eu-FR) AppleWebKit/533.4.2 (KHTML, like Gecko) Version/5.0.1 Safari/533.4.2"
185.73.23.162 - - [16/Aug/2026:14:55:27 +0000] "GET / HTTP/1.1" 200 81085 "-" "Software Security Research/1.0 (+https://reverse-proxies-measurements.softsec.ruhr-uni-bochum.de)"
78.153.140.149 - - [16/Aug/2026:14:57:28 +0000] "GET /.env HTTP/1.1" 404 397 "-" "Mozilla/5.0 (Windows NT 10.0; Win64; x64) AppleWebKit/537.36 (KHTML, like Gecko) Chrome/116.0.5845.140 Safari/537.36"
78.153.140.149 - - [16/Aug/2026:14:57:28 +0000] "POST / HTTP/1.1" 200 51364 "-" "Mozilla/5.0 (Windows NT 10.0; Win64; x64) AppleWebKit/537.36 (KHTML, like Gecko) Chrome/116.0.5845.140 Safari/537.36"
185.73.23.162 - - [16/Aug/2026:14:57:36 +0000] "GET / HTTP/1.1" 200 81085 "-" "Software Security Research/1.0 (+https://reverse-proxies-measurements.softsec.ruhr-uni-bochum.de)"
187.17.224.139 - - [16/Aug/2026:14:57:49 +0000] "GET / HTTP/1.0" 400 528 "-" "-"
187.17.224.139 - - [16/Aug/2026:14:57:50 +0000] "GET /robots.txt HTTP/1.1" 404 341 "-" "curl/8.5.0"
187.17.224.139 - - [16/Aug/2026:14:57:52 +0000] "\x16\x03\x01\x02" 400 392 "-" "-"
185.73.23.162 - - [16/Aug/2026:14:58:39 +0000] "GET / HTTP/1.1" 200 81085 "-" "Software Security Research/1.0 (+https://reverse-proxies-measurements.softsec.ruhr-uni-bochum.de)"
185.73.23.162 - - [16/Aug/2026:15:03:48 +0000] "GET / HTTP/1.1" 200 81085 "-" "Software Security Research/1.0 (+https://reverse-proxies-measurements.softsec.ruhr-uni-bochum.de)"
207.175.178.228 - - [16/Aug/2026:15:15:52 +0000] "GET / HTTP/1.1" 200 51364 "-" "python-requests/2.32.5"
185.73.23.162 - - [16/Aug/2026:15:17:10 +0000] "GET / HTTP/1.1" 200 81085 "-" "Software Security Research/1.0 (+https://reverse-proxies-measurements.softsec.ruhr-uni-bochum.de)"
185.73.23.162 - - [16/Aug/2026:15:17:43 +0000] "GET / HTTP/1.1" 200 81085 "-" "Software Security Research/1.0 (+https://reverse-proxies-measurements.softsec.ruhr-uni-bochum.de)"
185.73.23.162 - - [16/Aug/2026:15:18:09 +0000] "GET / HTTP/1.1" 200 81085 "-" "Software Security Research/1.0 (+https://reverse-proxies-measurements.softsec.ruhr-uni-bochum.de)"
185.73.23.162 - - [16/Aug/2026:15:19:40 +0000] "GET / HTTP/1.1" 200 81085 "-" "Software Security Research/1.0 (+https://reverse-proxies-measurements.softsec.ruhr-uni-bochum.de)"
185.73.23.162 - - [16/Aug/2026:15:20:03 +0000] "GET / HTTP/1.1" 200 81085 "-" "Software Security Research/1.0 (+https://reverse-proxies-measurements.softsec.ruhr-uni-bochum.de)"
185.73.23.162 - - [16/Aug/2026:15:20:45 +0000] "GET / HTTP/1.1" 200 81085 "-" "Software Security Research/1.0 (+https://reverse-proxies-measurements.softsec.ruhr-uni-bochum.de)"
187.108.1.142 - - [16/Aug/2026:15:21:47 +0000] "GET / HTTP/1.0" 400 528 "-" "-"
185.73.23.162 - - [16/Aug/2026:15:22:22 +0000] "GET / HTTP/1.1" 200 81085 "-" "Software Security Research/1.0 (+https://reverse-proxies-measurements.softsec.ruhr-uni-bochum.de)"
93.174.93.12 - - [16/Aug/2026:15:23:53 +0000] "\x16\x03\x02\x01o\x01" 400 392 "-" "-"
185.73.23.162 - - [16/Aug/2026:15:25:43 +0000] "GET / HTTP/1.1" 200 81085 "-" "Software Security Research/1.0 (+https://reverse-proxies-measurements.softsec.ruhr-uni-bochum.de)"
185.73.23.162 - - [16/Aug/2026:15:27:21 +0000] "GET / HTTP/1.1" 200 81085 "-" "Software Security Research/1.0 (+https://reverse-proxies-measurements.softsec.ruhr-uni-bochum.de)"
185.73.23.162 - - [16/Aug/2026:15:28:41 +0000] "GET / HTTP/1.1" 200 81085 "-" "Software Security Research/1.0 (+https://reverse-proxies-measurements.softsec.ruhr-uni-bochum.de)"
185.73.23.162 - - [16/Aug/2026:15:30:16 +0000] "GET / HTTP/1.1" 200 81085 "-" "Software Security Research/1.0 (+https://reverse-proxies-measurements.softsec.ruhr-uni-bochum.de)"
185.73.23.162 - - [16/Aug/2026:15:31:46 +0000] "GET / HTTP/1.1" 200 81085 "-" "Software Security Research/1.0 (+https://reverse-proxies-measurements.softsec.ruhr-uni-bochum.de)"
187.108.1.142 - - [16/Aug/2026:15:31:45 +0000] "GET / HTTP/1.0" 200 78698 "-" "ivre-masscan/1.3 https://github.com/robertdavidgraham/"
185.73.23.162 - - [16/Aug/2026:15:32:33 +0000] "GET / HTTP/1.1" 200 81085 "-" "Software Security Research/1.0 (+https://reverse-proxies-measurements.softsec.ruhr-uni-bochum.de)"
5.61.209.44 - - [16/Aug/2026:15:34:06 +0000] "GET /SDK/webLanguage HTTP/1.1" 404 397 "-" "Mozilla/5.0 (Windows NT 10.0; Win64; x64) AppleWebKit/537.36 (KHTML, like Gecko) Chrome/90.0.4430.85 Safari/537.36 Edg/90.0.818.46"
185.73.23.162 - - [16/Aug/2026:15:36:40 +0000] "GET / HTTP/1.1" 200 81085 "-" "Software Security Research/1.0 (+https://reverse-proxies-measurements.softsec.ruhr-uni-bochum.de)"
45.79.207.252 - - [16/Aug/2026:15:38:38 +0000] "GET / HTTP/1.0" 400 528 "-" "-"
172.104.210.105 - - [16/Aug/2026:15:38:40 +0000] "GET / HTTP/1.1" 200 51320 "-" "Mozilla/5.0 zgrab/0.x"
43.157.98.187 - - [16/Aug/2026:15:39:00 +0000] "GET / HTTP/1.1" 200 51327 "-" "Mozilla/5.0 (iPhone; CPU iPhone OS 13_2_3 like Mac OS X) AppleWebKit/605.1.15 (KHTML, like Gecko) Version/13.0.3 Mobile/15E148 Safari/604.1"
45.33.80.243 - - [16/Aug/2026:15:39:19 +0000] "GET / HTTP/1.1" 200 51320 "-" "Mozilla/5.0 (Macintosh; Intel Mac OS X 13_1) AppleWebKit/537.36 (KHTML, like Gecko) Chrome/108.0.0.0 Safari/537.36"
45.79.172.21 - - [16/Aug/2026:15:39:21 +0000] "GET / HTTP/1.1" 200 53189 "-" "Mozilla/5.0 (Macintosh; Intel Mac OS X 13_1) AppleWebKit/537.36 (KHTML, like Gecko) Chrome/108.0.0.0 Safari/537.36"
185.73.23.162 - - [16/Aug/2026:15:40:25 +0000] "GET / HTTP/1.1" 200 81085 "-" "Software Security Research/1.0 (+https://reverse-proxies-measurements.softsec.ruhr-uni-bochum.de)"
172.70.250.107 - - [16/Aug/2026:15:41:28 +0000] "GET / HTTP/2.0" 200 51129 "-" "Mozilla/5.0 (Windows NT 10.0; Win64; x64) AppleWebKit/537.36 (KHTML, like Gecko) Chrome/120.0.0.0 Safari/537.36"
185.73.23.162 - - [16/Aug/2026:15:42:22 +0000] "GET / HTTP/1.1" 200 81085 "-" "Software Security Research/1.0 (+https://reverse-proxies-measurements.softsec.ruhr-uni-bochum.de)"
185.73.23.162 - - [16/Aug/2026:15:44:27 +0000] "GET / HTTP/1.1" 200 81085 "-" "Software Security Research/1.0 (+https://reverse-proxies-measurements.softsec.ruhr-uni-bochum.de)"
187.108.1.142 - - [16/Aug/2026:15:44:30 +0000] "GET /robots.txt HTTP/1.1" 404 341 "-" "Mozilla/5.0"
187.108.1.142 - - [16/Aug/2026:15:44:30 +0000] "GET /robots.txt HTTP/2.0" 404 275 "-" "Mozilla/5.0"
185.73.23.162 - - [16/Aug/2026:15:44:47 +0000] "GET / HTTP/1.1" 200 81085 "-" "Software Security Research/1.0 (+https://reverse-proxies-measurements.softsec.ruhr-uni-bochum.de)"
185.73.23.162 - - [16/Aug/2026:15:45:39 +0000] "GET / HTTP/1.1" 200 81085 "-" "Software Security Research/1.0 (+https://reverse-proxies-measurements.softsec.ruhr-uni-bochum.de)"
185.73.23.162 - - [16/Aug/2026:15:46:23 +0000] "GET /uk/ HTTP/1.1" 404 2549 "-" "Software Security Research/1.0 (+https://reverse-proxies-measurements.softsec.ruhr-uni-bochum.de)"
20.64.105.235 - - [16/Aug/2026:15:47:32 +0000] "GET / HTTP/1.1" 200 51320 "-" "Mozilla/5.0 zgrab/0.x"
185.73.23.162 - - [16/Aug/2026:15:48:24 +0000] "GET / HTTP/1.1" 200 81085 "-" "Software Security Research/1.0 (+https://reverse-proxies-measurements.softsec.ruhr-uni-bochum.de)"
172.236.228.222 - - [16/Aug/2026:15:49:43 +0000] "\x16\x03\x01\x01\n" 400 392 "-" "-"
172.236.228.222 - - [16/Aug/2026:15:49:44 +0000] "\x16\x03\x01\x01\n" 400 392 "-" "-"
185.73.23.162 - - [16/Aug/2026:15:49:53 +0000] "GET / HTTP/1.1" 200 81085 "-" "Software Security Research/1.0 (+https://reverse-proxies-measurements.softsec.ruhr-uni-bochum.de)"
185.73.23.162 - - [16/Aug/2026:15:51:47 +0000] "GET / HTTP/1.1" 200 81085 "-" "Software Security Research/1.0 (+https://reverse-proxies-measurements.softsec.ruhr-uni-bochum.de)"
185.73.23.162 - - [16/Aug/2026:15:51:47 +0000] "GET / HTTP/1.1" 200 81085 "-" "Software Security Research/1.0 (+https://reverse-proxies-measurements.softsec.ruhr-uni-bochum.de)"
20.102.98.235 - - [16/Aug/2026:15:56:11 +0000] "GET /actuator/health HTTP/1.1" 404 341 "-" "Mozilla/5.0 zgrab/0.x"
185.73.23.162 - - [16/Aug/2026:15:56:24 +0000] "GET / HTTP/1.1" 200 81085 "-" "Software Security Research/1.0 (+https://reverse-proxies-measurements.softsec.ruhr-uni-bochum.de)"
185.73.23.162 - - [16/Aug/2026:15:59:54 +0000] "GET / HTTP/1.1" 200 81085 "-" "Software Security Research/1.0 (+https://reverse-proxies-measurements.softsec.ruhr-uni-bochum.de)"
185.73.23.162 - - [16/Aug/2026:16:05:34 +0000] "GET / HTTP/1.1" 200 81085 "-" "Software Security Research/1.0 (+https://reverse-proxies-measurements.softsec.ruhr-uni-bochum.de)"
185.73.23.162 - - [16/Aug/2026:16:07:38 +0000] "GET /main/ HTTP/1.1" 404 2549 "-" "Software Security Research/1.0 (+https://reverse-proxies-measurements.softsec.ruhr-uni-bochum.de)"
185.73.23.162 - - [16/Aug/2026:16:07:47 +0000] "GET / HTTP/1.1" 200 81085 "-" "Software Security Research/1.0 (+https://reverse-proxies-measurements.softsec.ruhr-uni-bochum.de)"
185.73.23.162 - - [16/Aug/2026:16:10:57 +0000] "GET / HTTP/1.1" 200 81085 "-" "Software Security Research/1.0 (+https://reverse-proxies-measurements.softsec.ruhr-uni-bochum.de)"
185.73.23.162 - - [16/Aug/2026:16:12:10 +0000] "GET / HTTP/1.1" 200 81085 "-" "Software Security Research/1.0 (+https://reverse-proxies-measurements.softsec.ruhr-uni-bochum.de)"
185.73.23.162 - - [16/Aug/2026:16:12:52 +0000] "GET / HTTP/1.1" 200 81085 "-" "Software Security Research/1.0 (+https://reverse-proxies-measurements.softsec.ruhr-uni-bochum.de)"
195.96.138.16 - - [16/Aug/2026:16:14:24 +0000] "POST /%2577eb%2575i_%2577sma_Http HTTP/1.1" 404 397 "-" "CVE-2023-20198"
185.73.23.162 - - [16/Aug/2026:16:18:37 +0000] "GET / HTTP/1.1" 200 81085 "-" "Software Security Research/1.0 (+https://reverse-proxies-measurements.softsec.ruhr-uni-bochum.de)"
185.73.23.162 - - [16/Aug/2026:16:19:40 +0000] "GET / HTTP/1.1" 200 81085 "-" "Software Security Research/1.0 (+https://reverse-proxies-measurements.softsec.ruhr-uni-bochum.de)"
195.96.139.44 - - [16/Aug/2026:16:20:15 +0000] "GET / HTTP/1.1" 200 51327 "-" "Mozilla/5.0 (compatible; InternetMeasurement/1.0; +https://internet-measurement.com/)"
185.73.23.162 - - [16/Aug/2026:16:25:41 +0000] "GET / HTTP/1.1" 200 81085 "-" "Software Security Research/1.0 (+https://reverse-proxies-measurements.softsec.ruhr-uni-bochum.de)"
185.73.23.162 - - [16/Aug/2026:16:26:20 +0000] "GET / HTTP/1.1" 200 81085 "-" "Software Security Research/1.0 (+https://reverse-proxies-measurements.softsec.ruhr-uni-bochum.de)"
185.73.23.162 - - [16/Aug/2026:16:26:33 +0000] "GET / HTTP/1.1" 200 81085 "-" "Software Security Research/1.0 (+https://reverse-proxies-measurements.softsec.ruhr-uni-bochum.de)"
185.73.23.162 - - [16/Aug/2026:16:26:54 +0000] "GET / HTTP/1.1" 200 81085 "-" "Software Security Research/1.0 (+https://reverse-proxies-measurements.softsec.ruhr-uni-bochum.de)"
185.73.23.162 - - [16/Aug/2026:16:27:54 +0000] "GET / HTTP/1.1" 200 81085 "-" "Software Security Research/1.0 (+https://reverse-proxies-measurements.softsec.ruhr-uni-bochum.de)"
185.73.23.162 - - [16/Aug/2026:16:28:07 +0000] "GET / HTTP/1.1" 200 81085 "-" "Software Security Research/1.0 (+https://reverse-proxies-measurements.softsec.ruhr-uni-bochum.de)"
185.73.23.162 - - [16/Aug/2026:16:32:41 +0000] "GET / HTTP/1.1" 200 81085 "-" "Software Security Research/1.0 (+https://reverse-proxies-measurements.softsec.ruhr-uni-bochum.de)"
163.5.138.60 - - [16/Aug/2026:16:33:47 +0000] "GET / HTTP/1.1" 200 51320 "-" "Mozilla/5.0 zgrab/0.x"
163.5.138.43 - - [16/Aug/2026:16:33:47 +0000] "GET / HTTP/1.0" 400 528 "-" "-"
163.5.138.112 - - [16/Aug/2026:16:33:47 +0000] "GET / HTTP/1.0" 400 528 "-" "-"
163.5.138.34 - - [16/Aug/2026:16:33:47 +0000] "GET / HTTP/1.0" 400 528 "-" "-"
185.73.23.162 - - [16/Aug/2026:16:35:36 +0000] "GET / HTTP/1.1" 200 81085 "-" "Software Security Research/1.0 (+https://reverse-proxies-measurements.softsec.ruhr-uni-bochum.de)"
45.33.109.18 - - [16/Aug/2026:16:35:57 +0000] "GET / HTTP/1.0" 400 528 "-" "-"
185.73.23.162 - - [16/Aug/2026:16:37:42 +0000] "GET / HTTP/1.1" 200 81085 "-" "Software Security Research/1.0 (+https://reverse-proxies-measurements.softsec.ruhr-uni-bochum.de)"
172.239.64.155 - - [16/Aug/2026:16:40:44 +0000] "GET / HTTP/1.1" 200 53189 "-" "Mozilla/5.0 (Macintosh; Intel Mac OS X 13_1) AppleWebKit/537.36 (KHTML, like Gecko) Chrome/108.0.0.0 Safari/537.36"
66.249.66.195 - - [16/Aug/2026:16:41:29 +0000] "GET /robots.txt HTTP/1.1" 404 397 "-" "Mozilla/5.0 (compatible; Googlebot/2.1; +http://www.google.com/bot.html)"
45.205.1.240 - - [16/Aug/2026:16:44:42 +0000] "GET / HTTP/1.1" 200 78698 "-" "Mozilla/5.0 (compatible; FlowIQLabsBot/1.0; +https://flowiq-labs.com/scanning-info)"
45.205.1.240 - - [16/Aug/2026:16:44:49 +0000] "GET /favicon.ico HTTP/1.1" 404 360 "-" "Mozilla/5.0 (compatible; FlowIQLabsBot/1.0; +https://flowiq-labs.com/scanning-info)"
172.236.228.39 - - [16/Aug/2026:16:47:34 +0000] "GET / HTTP/1.1" 200 51320 "-" "Mozilla/5.0 (Macintosh; Intel Mac OS X 13_1) AppleWebKit/537.36 (KHTML, like Gecko) Chrome/108.0.0.0 Safari/537.36"
20.14.89.155 - - [16/Aug/2026:16:48:43 +0000] "GET / HTTP/1.0" 400 528 "-" "-"
185.73.23.162 - - [16/Aug/2026:16:49:06 +0000] "GET / HTTP/1.1" 200 81085 "-" "Software Security Research/1.0 (+https://reverse-proxies-measurements.softsec.ruhr-uni-bochum.de)"
185.73.23.162 - - [16/Aug/2026:16:49:34 +0000] "GET / HTTP/1.1" 200 81085 "-" "Software Security Research/1.0 (+https://reverse-proxies-measurements.softsec.ruhr-uni-bochum.de)"
185.73.23.162 - - [16/Aug/2026:16:51:37 +0000] "GET / HTTP/1.1" 200 81085 "-" "Software Security Research/1.0 (+https://reverse-proxies-measurements.softsec.ruhr-uni-bochum.de)"
185.73.23.162 - - [16/Aug/2026:16:51:52 +0000] "GET / HTTP/1.1" 200 81085 "-" "Software Security Research/1.0 (+https://reverse-proxies-measurements.softsec.ruhr-uni-bochum.de)"
185.73.23.162 - - [16/Aug/2026:16:52:05 +0000] "GET / HTTP/1.1" 200 81085 "-" "Software Security Research/1.0 (+https://reverse-proxies-measurements.softsec.ruhr-uni-bochum.de)"
185.73.23.162 - - [16/Aug/2026:16:53:15 +0000] "GET / HTTP/1.1" 200 81085 "-" "Software Security Research/1.0 (+https://reverse-proxies-measurements.softsec.ruhr-uni-bochum.de)"
185.73.23.162 - - [16/Aug/2026:16:54:02 +0000] "GET / HTTP/1.1" 200 81085 "-" "Software Security Research/1.0 (+https://reverse-proxies-measurements.softsec.ruhr-uni-bochum.de)"
185.73.23.162 - - [16/Aug/2026:16:54:15 +0000] "GET / HTTP/1.1" 200 81085 "-" "Software Security Research/1.0 (+https://reverse-proxies-measurements.softsec.ruhr-uni-bochum.de)"
185.12.59.118 - - [16/Aug/2026:16:55:46 +0000] "GET / HTTP/2.0" 200 51130 "-" "Mozilla/5.0 (Windows NT 10.0; Win64; x64; rv:132.0) Gecko/20100101 Firefox/132.0"
77.83.39.6 - - [16/Aug/2026:16:55:47 +0000] "GET /.env HTTP/1.1" 404 2449 "-" "Mozilla/5.0 (Windows NT 10.0) AppleWebKit/537.36 (KHTML, like Gecko) Chrome/60.0.3112.91 Safari/537.36 Vivaldi/1.92.917.39"
77.83.39.6 - - [16/Aug/2026:16:56:38 +0000] "GET /.env HTTP/1.1" 404 2449 "-" "Mozilla/5.0 (Windows NT 10.0; Win64; x64) AppleWebKit/537.36 (KHTML, like Gecko) Chrome/74.0.3729.169 Safari/537.36"
185.73.23.162 - - [16/Aug/2026:16:58:50 +0000] "GET / HTTP/1.1" 200 81085 "-" "Software Security Research/1.0 (+https://reverse-proxies-measurements.softsec.ruhr-uni-bochum.de)"
185.73.23.162 - - [16/Aug/2026:17:02:50 +0000] "GET / HTTP/1.1" 200 81085 "-" "Software Security Research/1.0 (+https://reverse-proxies-measurements.softsec.ruhr-uni-bochum.de)"
162.158.94.148 - - [16/Aug/2026:17:03:29 +0000] "GET / HTTP/2.0" 200 51129 "http://techisquad.com" "Mozilla/5.0 (iPhone; CPU iPhone OS 13_2_3 like Mac OS X) AppleWebKit/605.1.15 (KHTML, like Gecko) Version/13.0.3 Mobile/15E148 Safari/604.1"
172.71.148.104 - - [16/Aug/2026:17:05:36 +0000] "GET /robots.txt HTTP/2.0" 404 275 "-" "Mozilla/5.0 (compatible; Googlebot/2.1; +http://www.google.com/bot.html)"
185.73.23.162 - - [16/Aug/2026:17:11:45 +0000] "GET / HTTP/1.1" 200 81085 "-" "Software Security Research/1.0 (+https://reverse-proxies-measurements.softsec.ruhr-uni-bochum.de)"
78.153.140.149 - - [16/Aug/2026:17:12:04 +0000] "GET /.env HTTP/1.1" 404 397 "-" "Mozilla/5.0 (Windows NT 10.0; Win64; x64) AppleWebKit/537.36 (KHTML, like Gecko) Chrome/116.0.5845.140 Safari/537.36"
78.153.140.149 - - [16/Aug/2026:17:12:04 +0000] "POST / HTTP/1.1" 200 51364 "-" "Mozilla/5.0 (Windows NT 10.0; Win64; x64) AppleWebKit/537.36 (KHTML, like Gecko) Chrome/116.0.5845.140 Safari/537.36"
185.73.23.162 - - [16/Aug/2026:17:12:19 +0000] "GET / HTTP/1.1" 200 81085 "-" "Software Security Research/1.0 (+https://reverse-proxies-measurements.softsec.ruhr-uni-bochum.de)"
185.73.23.162 - - [16/Aug/2026:17:12:54 +0000] "GET / HTTP/1.1" 200 81085 "-" "Software Security Research/1.0 (+https://reverse-proxies-measurements.softsec.ruhr-uni-bochum.de)"
66.132.172.141 - - [16/Aug/2026:17:13:55 +0000] "\x16\x03\x01" 400 392 "-" "-"
66.132.172.141 - - [16/Aug/2026:17:13:56 +0000] "GET / HTTP/1.1" 200 51320 "-" "Mozilla/5.0 (compatible; CensysInspect/1.1; +https://about.censys.io/)"
66.132.172.141 - - [16/Aug/2026:17:13:59 +0000] "GET /favicon.ico HTTP/1.1" 404 360 "-" "Mozilla/5.0 (compatible; CensysInspect/1.1; +https://about.censys.io/)"
66.132.172.141 - - [16/Aug/2026:17:14:13 +0000] "\x16\x03\x01" 400 392 "-" "-"
66.132.172.141 - - [16/Aug/2026:17:14:13 +0000] "GET /robots.txt HTTP/1.1" 404 341 "-" "Mozilla/5.0 (compatible; CensysInspect/1.1; +https://about.censys.io/)"
185.73.23.162 - - [16/Aug/2026:17:14:25 +0000] "GET / HTTP/1.1" 200 81085 "-" "Software Security Research/1.0 (+https://reverse-proxies-measurements.softsec.ruhr-uni-bochum.de)"
185.73.23.162 - - [16/Aug/2026:17:14:26 +0000] "GET / HTTP/1.1" 200 81085 "-" "Software Security Research/1.0 (+https://reverse-proxies-measurements.softsec.ruhr-uni-bochum.de)"
185.73.23.162 - - [16/Aug/2026:17:15:08 +0000] "GET / HTTP/1.1" 200 81085 "-" "Software Security Research/1.0 (+https://reverse-proxies-measurements.softsec.ruhr-uni-bochum.de)"
185.73.23.162 - - [16/Aug/2026:17:17:07 +0000] "GET / HTTP/1.1" 200 81085 "-" "Software Security Research/1.0 (+https://reverse-proxies-measurements.softsec.ruhr-uni-bochum.de)"
192.161.49.2 - - [16/Aug/2026:17:17:13 +0000] "GET / HTTP/1.0" 400 528 "-" "-"
192.161.49.2 - - [16/Aug/2026:17:17:13 +0000] "GET /..%2F..%2F..%2F..%2F..%2F..%2Fetc%2Fpasswd HTTP/1.1" 404 2449 "-" "Mozilla/5.0 (Windows NT 10.0; Win64; x64; rv:146.0) Gecko/20100101 Firefox/146.0"
172.71.148.104 - - [16/Aug/2026:17:21:47 +0000] "GET /robots.txt HTTP/2.0" 404 275 "-" "Mozilla/5.0 (Macintosh; Intel Mac OS X 10_15_7) AppleWebKit/537.36 (KHTML, like Gecko) Chrome/131.0.0.0 Safari/537.36; compatible; OAI-SearchBot/1.4; robots.txt; +https://openai.com/searchbot"
162.158.111.33 - - [16/Aug/2026:17:21:47 +0000] "GET / HTTP/2.0" 200 51129 "-" "Mozilla/5.0 AppleWebKit/537.36 (KHTML, like Gecko; compatible; GPTBot/1.4; +https://openai.com/gptbot)"
185.73.23.162 - - [16/Aug/2026:17:24:49 +0000] "GET / HTTP/1.1" 200 81085 "-" "Software Security Research/1.0 (+https://reverse-proxies-measurements.softsec.ruhr-uni-bochum.de)"
78.153.140.156 - - [16/Aug/2026:17:26:19 +0000] "GET /.env HTTP/1.1" 404 2549 "-" "Mozilla/5.0 (Windows NT 10.0; Win64; x64) AppleWebKit/537.36 (KHTML, like Gecko) Chrome/116.0.5845.140 Safari/537.36"
78.153.140.156 - - [16/Aug/2026:17:26:19 +0000] "POST / HTTP/1.1" 200 53780 "-" "Mozilla/5.0 (Windows NT 10.0; Win64; x64) AppleWebKit/537.36 (KHTML, like Gecko) Chrome/116.0.5845.140 Safari/537.36"
195.182.16.23 - - [16/Aug/2026:17:32:39 +0000] "GET /SDK/webLanguage HTTP/1.1" 404 397 "-" "Mozilla/5.0 (Windows NT 10.0; Win64; x64) AppleWebKit/537.36 (KHTML, like Gecko) Chrome/90.0.4430.85 Safari/537.36 Edg/90.0.818.46"
185.73.23.162 - - [16/Aug/2026:17:33:55 +0000] "GET / HTTP/1.1" 200 81085 "-" "Software Security Research/1.0 (+https://reverse-proxies-measurements.softsec.ruhr-uni-bochum.de)"
185.73.23.162 - - [16/Aug/2026:17:42:20 +0000] "GET / HTTP/1.1" 200 81085 "-" "Software Security Research/1.0 (+https://reverse-proxies-measurements.softsec.ruhr-uni-bochum.de)"
185.73.23.162 - - [16/Aug/2026:17:43:22 +0000] "GET / HTTP/1.1" 200 81085 "-" "Software Security Research/1.0 (+https://reverse-proxies-measurements.softsec.ruhr-uni-bochum.de)"
185.73.23.162 - - [16/Aug/2026:17:45:30 +0000] "GET / HTTP/1.1" 200 81085 "-" "Software Security Research/1.0 (+https://reverse-proxies-measurements.softsec.ruhr-uni-bochum.de)"
185.73.23.162 - - [16/Aug/2026:17:48:45 +0000] "GET / HTTP/1.1" 200 81085 "-" "Software Security Research/1.0 (+https://reverse-proxies-measurements.softsec.ruhr-uni-bochum.de)"
185.73.23.162 - - [16/Aug/2026:17:49:01 +0000] "GET / HTTP/1.1" 200 81085 "-" "Software Security Research/1.0 (+https://reverse-proxies-measurements.softsec.ruhr-uni-bochum.de)"
185.73.23.162 - - [16/Aug/2026:17:49:08 +0000] "GET / HTTP/1.1" 200 81085 "-" "Software Security Research/1.0 (+https://reverse-proxies-measurements.softsec.ruhr-uni-bochum.de)"
78.153.140.156 - - [16/Aug/2026:17:53:29 +0000] "GET /.env HTTP/1.1" 404 2549 "-" "Mozilla/5.0 (Windows NT 10.0; Win64; x64) AppleWebKit/537.36 (KHTML, like Gecko) Chrome/116.0.5845.140 Safari/537.36"
78.153.140.156 - - [16/Aug/2026:17:53:30 +0000] "POST / HTTP/1.1" 200 53780 "-" "Mozilla/5.0 (Windows NT 10.0; Win64; x64) AppleWebKit/537.36 (KHTML, like Gecko) Chrome/116.0.5845.140 Safari/537.36"
185.73.23.162 - - [16/Aug/2026:17:54:18 +0000] "GET / HTTP/1.1" 200 81085 "-" "Software Security Research/1.0 (+https://reverse-proxies-measurements.softsec.ruhr-uni-bochum.de)"
45.79.207.181 - - [16/Aug/2026:17:56:46 +0000] "GET / HTTP/1.0" 400 528 "-" "-"
45.79.207.181 - - [16/Aug/2026:17:56:46 +0000] "GET / HTTP/1.1" 200 51320 "-" "Mozilla/5.0 zgrab/0.x"
45.79.181.179 - - [16/Aug/2026:17:56:58 +0000] "GET / HTTP/1.1" 200 51320 "-" "Mozilla/5.0 (Macintosh; Intel Mac OS X 13_1) AppleWebKit/537.36 (KHTML, like Gecko) Chrome/108.0.0.0 Safari/537.36"
172.236.228.202 - - [16/Aug/2026:17:56:58 +0000] "GET / HTTP/1.1" 200 53189 "-" "Mozilla/5.0 (Macintosh; Intel Mac OS X 13_1) AppleWebKit/537.36 (KHTML, like Gecko) Chrome/108.0.0.0 Safari/537.36"
185.73.23.162 - - [16/Aug/2026:17:58:21 +0000] "GET / HTTP/1.1" 200 81085 "-" "Software Security Research/1.0 (+https://reverse-proxies-measurements.softsec.ruhr-uni-bochum.de)"
185.73.23.162 - - [16/Aug/2026:18:00:32 +0000] "GET / HTTP/1.1" 200 81085 "-" "Software Security Research/1.0 (+https://reverse-proxies-measurements.softsec.ruhr-uni-bochum.de)"
185.73.23.162 - - [16/Aug/2026:18:03:09 +0000] "GET / HTTP/1.1" 200 81085 "-" "Software Security Research/1.0 (+https://reverse-proxies-measurements.softsec.ruhr-uni-bochum.de)"
185.73.23.162 - - [16/Aug/2026:18:03:35 +0000] "GET / HTTP/1.1" 200 81085 "-" "Software Security Research/1.0 (+https://reverse-proxies-measurements.softsec.ruhr-uni-bochum.de)"
185.73.23.162 - - [16/Aug/2026:18:04:53 +0000] "GET / HTTP/1.1" 200 81085 "-" "Software Security Research/1.0 (+https://reverse-proxies-measurements.softsec.ruhr-uni-bochum.de)"
185.73.23.162 - - [16/Aug/2026:18:05:31 +0000] "GET / HTTP/1.1" 200 81085 "-" "Software Security Research/1.0 (+https://reverse-proxies-measurements.softsec.ruhr-uni-bochum.de)"
